{"id":245,"date":"2019-10-31T20:07:53","date_gmt":"2019-10-31T19:07:53","guid":{"rendered":"https:\/\/www.basmel.es\/politica-privacidad\/"},"modified":"2020-06-25T10:34:45","modified_gmt":"2020-06-25T08:34:45","slug":"politica-privacitat","status":"publish","type":"page","link":"https:\/\/www.basmel.es\/ca\/politica-privacitat\/","title":{"rendered":"Pol\u00edtica de privacitat"},"content":{"rendered":"<div class=\"wpb-content-wrapper\"><p>[vc_row css_animation=&#8221;element_from_fade&#8221; row_type=&#8221;row&#8221; use_row_as_full_screen_section=&#8221;no&#8221; type=&#8221;grid&#8221; angled_section=&#8221;no&#8221; text_align=&#8221;left&#8221; background_image_as_pattern=&#8221;without_pattern&#8221; z_index=&#8221;&#8221; el_class=&#8221;row_sep&#8221;][vc_column][vc_column_text el_class=&#8221;mr20&#8243;]A BASMEL, S.L., ens preocupem per la privacitat i la transpar\u00e8ncia.<br \/>\nA continuaci\u00f3, us expliquem en detall els tractaments de dades personals que realitzem, aix\u00ed com tota la informaci\u00f3 relativa als mateixos d&#8217;acord amb el que estableix el REGLAMENT (UE) 2016\/679, de 27 d&#8217;abril de 2016 el Parlament Europeu, i de el Consell relatiu a la protecci\u00f3 de les persones f\u00edsiques pel que fa a el tractament de les seves dades personals i per la Llei Org\u00e0nica 3\/2018, de 5 de desembre, de Protecci\u00f3 de dades personals i garantia dels drets digitals.<\/p>\n<p><strong>Informaci\u00f3 b\u00e0sica sobre Protecci\u00f3 de dades<\/strong><\/p>\n<p>Responsable: BASMEL, S.L.<strong><br \/>\nFinalitat: <\/strong>Realitzar la gesti\u00f3 administrativa, comptable i fiscal, aix\u00ed com enviar-li comunicacions comercials sobre els nostres productes i serveis.<strong><br \/>\nDrets: <\/strong>T\u00e9 dret a accedir, rectificar i suprimir les dades, aix\u00ed com altres drets, indicats a la informaci\u00f3 addicional.<strong><br \/>\nProced\u00e8ncia: El propi interessat.<br \/>\n<\/strong><\/p>\n<p>&nbsp;<\/p>\n<p><strong>Informaci\u00f3 completa sobre Protecci\u00f3 de Dades<\/strong><\/p>\n<ol>\n<li><strong>Qui \u00e9s el responsable del tractament de les seves dades?<\/strong><\/li>\n<\/ol>\n<p>BASMEL, S.L.<br \/>\nB08774705<br \/>\nC\/ Cinca, n.\u00ba 44, 08030 Barcelona<br \/>\n933460116<br \/>\nbasmel@basmel.com<\/p>\n<ol start=\"2\">\n<li><strong>Amb quina finalitat tractem les seves dades personals?<\/strong><\/li>\n<\/ol>\n<p>A BASMEL, S.L., tractem la informaci\u00f3 que ens faciliten les persones interessades per tal de gesti\u00f3 administrativa, comptable i fiscal, aix\u00ed com l&#8217;enviament de comunicacions comercials sobre els nostres productes i serveis.<\/p>\n<ol start=\"3\">\n<li><strong>Per quant de temps conservarem les seves dades?<\/strong><\/li>\n<\/ol>\n<p>Durant 5 anys o quan ja no siguin necessaris per a la finalitat per a la qual es van recollir.<\/p>\n<ol start=\"4\">\n<li><strong>Quina \u00e9s la legitimaci\u00f3 per al tractament de les seves dades?<br \/>\n<\/strong><\/li>\n<\/ol>\n<p>L&#8217;indiquem la base legal per al tractament de les seves dades: Llei 34\/2002, de 11 de juliol, de Serveis de la Societat de la Informaci\u00f3 i Comer\u00e7 Electr\u00f2nic; la Llei 56\/2007 de 28 de desembre de Mesures d&#8217;Impuls a la Societat de la Informaci\u00f3; el Reial decret legislatiu 1\/2007, de 16 de novembre, pel qual s&#8217;aprova el Text ref\u00f3s de la Llei general de defensa dels consumidors i usuaris.<\/p>\n<p>Consentiment de l&#8217;interessat: REGLAMENT (UE) 2016\/679, de 27 d&#8217;abril de 2016 el Parlament Europeu, i de el Consell relatiu a la protecci\u00f3 de les persones f\u00edsiques pel que fa a el tractament de les seves dades personals i la Llei Org\u00e0nica 3\/2018 , de 5 de desembre, de Protecci\u00f3 de Dades Personals i garantia dels drets digitals.<\/p>\n<ol start=\"5\">\n<li><strong>A qu\u00e8 destinataris es comunicaran les seves dades<\/strong><\/li>\n<\/ol>\n<p>No se cediran dades a tercers, excepte obligaci\u00f3 legal.<\/p>\n<ol start=\"6\">\n<li><strong>Transfer\u00e8ncies de dades a tercers pa\u00efsos<\/strong><\/li>\n<\/ol>\n<p>No estan previstes transfer\u00e8ncies de dades a tercers pa\u00efsos.<\/p>\n<ol start=\"7\">\n<li><strong>Quins s\u00f3n els seus drets quan ens facilita les seves dades?<\/strong><\/li>\n<\/ol>\n<p>Qualsevol persona t\u00e9 dret a obtenir confirmaci\u00f3 sobre si estem tractant, o no, dades personals que els concerneixin.<\/p>\n<p>Les persones interessades tenen dret a accedir a les seves dades personals, aix\u00ed com a sol\u00b7licitar la rectificaci\u00f3 de les dades inexactes o, si escau, sol\u00b7licitar la seva supressi\u00f3 quan, entre d&#8217;altres motius, les dades ja no siguin necessaris per als fins que van ser recollides. Igualment t\u00e9 dret a la portabilitat de les seves dades.<\/p>\n<p>En determinades circumst\u00e0ncies, els interessats podran sol\u00b7licitar la limitaci\u00f3 de l&#8217;tractament de les seves dades, en aquest cas \u00fanicament els conservarem per a l&#8217;exercici o la defensa de reclamacions.<\/p>\n<p>En determinades circumst\u00e0ncies i per motius relacionats amb la seva situaci\u00f3 particular, els interessats podran oposar-se a el tractament de les seves dades. En aquest cas es deixar\u00e0 de tractar les dades, excepte per motius leg\u00edtims imperiosos, o l&#8217;exercici o la defensa de possibles reclamacions.<\/p>\n<p>Quan es realitzi l&#8217;enviament de comunicacions comercials utilitzant com a base jur\u00eddica l&#8217;inter\u00e8s leg\u00edtim de l&#8217;responsable, l&#8217;interessat podr\u00e0 oposar-se a el tractament de les seves dades amb aquesta finalitat.<\/p>\n<p>Si ha atorgat el seu consentiment per a alguna finalitat concreta, t\u00e9 dret a retirar el consentiment atorgat en qualsevol moment, sense que aix\u00f2 afecti la licitud de l&#8217;tractament basat en el consentiment previ a la seva retirada.<\/p>\n<p>En cas que senti vulnerats els seus drets pel que fa a la protecci\u00f3 de les seves dades personals, especialment quan no hagi obtingut satisfacci\u00f3 en l&#8217;exercici dels seus drets, pot presentar una reclamaci\u00f3 davant l&#8217;Autoritat de Control en mat\u00e8ria de protecci\u00f3 de dades competent a trav\u00e9s del seu lloc web: <a href=\"http:\/\/www.agpd.es\">www.agpd.es<\/a>.<\/p>\n<ol start=\"8\">\n<li><strong>Com hem obtingut les seves dades?<\/strong><\/li>\n<\/ol>\n<p>Les dades personals que tractem en BASMEL, S.L., procedeixen de la persona interessada.<\/p>\n<p>Les categories de dades que es tracten s\u00f3n:<\/p>\n<ul>\n<li>Dades identificatives<\/li>\n<li>Adreces postals i electr\u00f2niques<\/li>\n<li>Informaci\u00f3 comercial<\/li>\n<\/ul>\n<p>No es tracten categories especials de dades personals (s\u00f3n aquelles dades que revelin l&#8217;origen \u00e8tnic o racial, les opinions pol\u00edtiques, les conviccions religioses o filos\u00f2fiques, o l&#8217;afiliaci\u00f3 sindical, dades gen\u00e8tiques, dades biom\u00e8triques dirigits a identificar de manera un\u00edvoca a una persona f\u00edsica , dades relatives a la salut o dades relatives a la vida sexual o l&#8217;orientaci\u00f3 sexual d&#8217;una persona f\u00edsica).[\/vc_column_text][\/vc_column][\/vc_row]<\/p>\n<\/div>","protected":false},"excerpt":{"rendered":"<p>[vc_row css_animation=&#8221;element_from_fade&#8221; row_type=&#8221;row&#8221; use_row_as_full_screen_section=&#8221;no&#8221; type=&#8221;grid&#8221; angled_section=&#8221;no&#8221; text_align=&#8221;left&#8221; background_image_as_pattern=&#8221;without_pattern&#8221; z_index=&#8221;&#8221; el_class=&#8221;row_sep&#8221;][vc_column][vc_column_text el_class=&#8221;mr20&#8243;]A BASMEL, S.L., ens preocupem per la privacitat i la transpar\u00e8ncia. A continuaci\u00f3, us expliquem en detall els tractaments de dades personals que realitzem, aix\u00ed com tota la informaci\u00f3 relativa als mateixos d&#8217;acord amb el&#8230;<\/p>\n","protected":false},"author":1,"featured_media":0,"parent":0,"menu_order":0,"comment_status":"closed","ping_status":"closed","template":"full_width.php","meta":{"footnotes":""},"class_list":["post-245","page","type-page","status-publish","hentry"],"_links":{"self":[{"href":"https:\/\/www.basmel.es\/ca\/wp-json\/wp\/v2\/pages\/245","targetHints":{"allow":["GET"]}}],"collection":[{"href":"https:\/\/www.basmel.es\/ca\/wp-json\/wp\/v2\/pages"}],"about":[{"href":"https:\/\/www.basmel.es\/ca\/wp-json\/wp\/v2\/types\/page"}],"author":[{"embeddable":true,"href":"https:\/\/www.basmel.es\/ca\/wp-json\/wp\/v2\/users\/1"}],"replies":[{"embeddable":true,"href":"https:\/\/www.basmel.es\/ca\/wp-json\/wp\/v2\/comments?post=245"}],"version-history":[{"count":4,"href":"https:\/\/www.basmel.es\/ca\/wp-json\/wp\/v2\/pages\/245\/revisions"}],"predecessor-version":[{"id":715,"href":"https:\/\/www.basmel.es\/ca\/wp-json\/wp\/v2\/pages\/245\/revisions\/715"}],"wp:attachment":[{"href":"https:\/\/www.basmel.es\/ca\/wp-json\/wp\/v2\/media?parent=245"}],"curies":[{"name":"wp","href":"https:\/\/api.w.org\/{rel}","templated":true}]}}

Política de privacitat

<div class="wpb-content-wrapper"><p>[vc_row css_animation=&#8221;element_from_fade&#8221; row_type=&#8221;row&#8221; use_row_as_full_screen_section=&#8221;no&#8221; type=&#8221;grid&#8221; angled_section=&#8221;no&#8221; text_align=&#8221;left&#8221; background_image_as_pattern=&#8221;without_pattern&#8221; z_index=&#8221;&#8221; el_class=&#8221;row_sep&#8221;][vc_column][vc_column_text el_class=&#8221;mr20&#8243;]A BASMEL, S.L., ens preocupem per la privacitat i la transparència.<br />
A continuació, us expliquem en detall els tractaments de dades personals que realitzem, així com tota la informació relativa als mateixos d&#8217;acord amb el que estableix el REGLAMENT (UE) 2016/679, de 27 d&#8217;abril de 2016 el Parlament Europeu, i de el Consell relatiu a la protecció de les persones físiques pel que fa a el tractament de les seves dades personals i per la Llei Orgànica 3/2018, de 5 de desembre, de Protecció de dades personals i garantia dels drets digitals.</p>
<p><strong>Informació bàsica sobre Protecció de dades</strong></p>
<p>Responsable: BASMEL, S.L.<strong><br />
Finalitat: </strong>Realitzar la gestió administrativa, comptable i fiscal, així com enviar-li comunicacions comercials sobre els nostres productes i serveis.<strong><br />
Drets: </strong>Té dret a accedir, rectificar i suprimir les dades, així com altres drets, indicats a la informació addicional.<strong><br />
Procedència: El propi interessat.<br />
</strong></p>
<p>&nbsp;</p>
<p><strong>Informació completa sobre Protecció de Dades</strong></p>
<ol>
<li><strong>Qui és el responsable del tractament de les seves dades?</strong></li>
</ol>
<p>BASMEL, S.L.<br />
B08774705<br />
C/ Cinca, n.º 44, 08030 Barcelona<br />
933460116<br />
basmel@basmel.com</p>
<ol start="2">
<li><strong>Amb quina finalitat tractem les seves dades personals?</strong></li>
</ol>
<p>A BASMEL, S.L., tractem la informació que ens faciliten les persones interessades per tal de gestió administrativa, comptable i fiscal, així com l&#8217;enviament de comunicacions comercials sobre els nostres productes i serveis.</p>
<ol start="3">
<li><strong>Per quant de temps conservarem les seves dades?</strong></li>
</ol>
<p>Durant 5 anys o quan ja no siguin necessaris per a la finalitat per a la qual es van recollir.</p>
<ol start="4">
<li><strong>Quina és la legitimació per al tractament de les seves dades?<br />
</strong></li>
</ol>
<p>L&#8217;indiquem la base legal per al tractament de les seves dades: Llei 34/2002, de 11 de juliol, de Serveis de la Societat de la Informació i Comerç Electrònic; la Llei 56/2007 de 28 de desembre de Mesures d&#8217;Impuls a la Societat de la Informació; el Reial decret legislatiu 1/2007, de 16 de novembre, pel qual s&#8217;aprova el Text refós de la Llei general de defensa dels consumidors i usuaris.</p>
<p>Consentiment de l&#8217;interessat: REGLAMENT (UE) 2016/679, de 27 d&#8217;abril de 2016 el Parlament Europeu, i de el Consell relatiu a la protecció de les persones físiques pel que fa a el tractament de les seves dades personals i la Llei Orgànica 3/2018 , de 5 de desembre, de Protecció de Dades Personals i garantia dels drets digitals.</p>
<ol start="5">
<li><strong>A què destinataris es comunicaran les seves dades</strong></li>
</ol>
<p>No se cediran dades a tercers, excepte obligació legal.</p>
<ol start="6">
<li><strong>Transferències de dades a tercers països</strong></li>
</ol>
<p>No estan previstes transferències de dades a tercers països.</p>
<ol start="7">
<li><strong>Quins són els seus drets quan ens facilita les seves dades?</strong></li>
</ol>
<p>Qualsevol persona té dret a obtenir confirmació sobre si estem tractant, o no, dades personals que els concerneixin.</p>
<p>Les persones interessades tenen dret a accedir a les seves dades personals, així com a sol·licitar la rectificació de les dades inexactes o, si escau, sol·licitar la seva supressió quan, entre d&#8217;altres motius, les dades ja no siguin necessaris per als fins que van ser recollides. Igualment té dret a la portabilitat de les seves dades.</p>
<p>En determinades circumstàncies, els interessats podran sol·licitar la limitació de l&#8217;tractament de les seves dades, en aquest cas únicament els conservarem per a l&#8217;exercici o la defensa de reclamacions.</p>
<p>En determinades circumstàncies i per motius relacionats amb la seva situació particular, els interessats podran oposar-se a el tractament de les seves dades. En aquest cas es deixarà de tractar les dades, excepte per motius legítims imperiosos, o l&#8217;exercici o la defensa de possibles reclamacions.</p>
<p>Quan es realitzi l&#8217;enviament de comunicacions comercials utilitzant com a base jurídica l&#8217;interès legítim de l&#8217;responsable, l&#8217;interessat podrà oposar-se a el tractament de les seves dades amb aquesta finalitat.</p>
<p>Si ha atorgat el seu consentiment per a alguna finalitat concreta, té dret a retirar el consentiment atorgat en qualsevol moment, sense que això afecti la licitud de l&#8217;tractament basat en el consentiment previ a la seva retirada.</p>
<p>En cas que senti vulnerats els seus drets pel que fa a la protecció de les seves dades personals, especialment quan no hagi obtingut satisfacció en l&#8217;exercici dels seus drets, pot presentar una reclamació davant l&#8217;Autoritat de Control en matèria de protecció de dades competent a través del seu lloc web: <a href="http://www.agpd.es">www.agpd.es</a>.</p>
<ol start="8">
<li><strong>Com hem obtingut les seves dades?</strong></li>
</ol>
<p>Les dades personals que tractem en BASMEL, S.L., procedeixen de la persona interessada.</p>
<p>Les categories de dades que es tracten són:</p>
<ul>
<li>Dades identificatives</li>
<li>Adreces postals i electròniques</li>
<li>Informació comercial</li>
</ul>
<p>No es tracten categories especials de dades personals (són aquelles dades que revelin l&#8217;origen ètnic o racial, les opinions polítiques, les conviccions religioses o filosòfiques, o l&#8217;afiliació sindical, dades genètiques, dades biomètriques dirigits a identificar de manera unívoca a una persona física , dades relatives a la salut o dades relatives a la vida sexual o l&#8217;orientació sexual d&#8217;una persona física).[/vc_column_text][/vc_column][/vc_row]</p>
</div>

<p>[vc_row css_animation=&#8221;element_from_fade&#8221; row_type=&#8221;row&#8221; use_row_as_full_screen_section=&#8221;no&#8221; type=&#8221;grid&#8221; angled_section=&#8221;no&#8221; text_align=&#8221;left&#8221; background_image_as_pattern=&#8221;without_pattern&#8221; z_index=&#8221;&#8221; el_class=&#8221;row_sep&#8221;][vc_column][vc_column_text el_class=&#8221;mr20&#8243;]A BASMEL, S.L., ens preocupem per la privacitat i la transparència. A continuació, us expliquem en detall els tractaments de dades personals que realitzem, així com tota la informació relativa als mateixos d&#8217;acord amb el&#8230;</p>
